*2 + 19*l + 35. What is the tens digit of a(u)?
4
Suppose 469 = 12*m - 1331. Let b = m - -10. What is the units digit of b?
0
What is the thousands digit of (-8 + 6)*-4 + 1882?
1
Suppose -3*n - n + 39 = -3*s, -5*n = -3*s - 45. What is the tens digit of (2/n)/(83/268173)?
7
Suppose -9*x + 14 = -22. Suppose 0 = 3*p - x*g - 319, 5*p + 5*g = 2*g + 493. Suppose -2*j = -2*i - p - 373, 0 = -5*j + 3*i + 1189. What is the units digit of j?
9
Suppose -3*w - w + 21 = t, -3*w = t - 15. Suppose 0 = -8*j - w*j + 2604. What is the hundreds digit of j?
1
Let y be -45*((-16)/(-3) + -2). Let z be (1 - 0)/(2/y). What is the units digit of 0 - (z/5 - -1)?
4
Let m(c) = 38*c - 11. Let w(a) = 7*a - 3. Let k(q) = 10*q - 4. Let t(o) = -5*k(o) + 7*w(o). Let h(p) = -m(p) - 5*t(p). What is the hundreds digit of h(-3)?
1
Let d = -78 + 84. Suppose d*i - 856 = 632. What is the tens digit of i?
4
Suppose -410*z = 4*p - 406*z - 47048, 3*p - 5*z = 35350. What is the tens digit of p?
7
Let b(p) = 14*p - 36. Let k be -9*((-12)/18 - 1). What is the units digit of b(k)?
4
Suppose -37*w + 28*w = -756. Let v = 6 + 2. Suppose -12*n + w = -v*n. What is the tens digit of n?
2
Let a = 15 - -6. Suppose 0 = -2*g - 4*f, -6*f + 10*f + 8 = 2*g. Suppose -257 = -3*x + g*j, -3*j = -5*x + a + 406. What is the tens digit of x?
8
Let d = 51202 + -29099. What is the ten thousands digit of d?
2
Suppose -25 = 27*c - 106. Suppose c*z = 7311 - 2094. What is the units digit of z?
9
Let k = -148 + 145. What is the tens digit of 353 - 10/k*18/(-15)?
4
Let g(j) be the second derivative of j**4/12 + 17*j**3/6 - 7*j**2/2 + 4*j - 8. What is the hundreds digit of g(10)?
2
Let z = 81 - 101. Let a be 30/z*40/(-6). Suppose a*i = i + 981. What is the tens digit of i?
0
Let j(k) = k**2 + 7*k + 4. Let v be j(-6). Let m be 6/v*(-948)/36. Let o = 123 - m. What is the units digit of o?
4
What is the hundreds digit of ((-37638)/612)/(1/(-86))?
2
What is the ten thousands digit of (-770)/44*57264/(-60)?
1
Let j = 3160 - 1886. Suppose -5*c = 3*l - j, -l + 204 = c - 52. What is the hundreds digit of c?
2
Suppose -4*j + 365 = 65. Let c = j - 36. What is the tens digit of c?
3
Let l(h) = 455*h - 29. Let k be l(6). Suppose 6*u + 943 - k = 0. What is the tens digit of u?
9
Suppose 4*c + 704 = -4*p, -3*c + 221 = -2*p - 146. Let x = p + 60. Let h = -78 - x. What is the tens digit of h?
4
Let l(r) = -r**2 - 6*r + 540. Let i = -197 + 197. What is the units digit of l(i)?
0
Let w = 24 - 21. Let r(c) = -160*c - 7. Let n be r(-2). Suppose -2*d = a - 118, 18 - n = -5*d + w*a. What is the units digit of d?
9
Let b(t) = 19*t - 32. Let h(x) = -x. Let q(u) = b(u) - 5*h(u). What is the hundreds digit of q(8)?
1
Let d(u) = -u**3 - 26*u**2 + 61*u + 78. What is the units digit of d(-29)?
2
Let s be 6 - 4 - 9 - -1661. What is the tens digit of -3 + (-6 - (4 - s))?
4
Let c(i) = -2*i**2 - 28*i + 30. Let n be c(-15). Suppose n = 8*d - 6*d - 482. What is the hundreds digit of d?
2
Let r(p) = -519*p + 3021. What is the ten thousands digit of r(-17)?
1
Let r(k) = k**2 + 10*k + 1. Suppose -25 = 3*l + 29. Let m be r(l). Let x = m + -83. What is the units digit of x?
2
Let t = -9941 - -22131. What is the hundreds digit of t?
1
Let r(d) = -d**3 + 12*d**2 + 16*d - 15. Let h(o) = -o**3 + 13*o**2 + 16*o - 16. Let q(n) = 5*h(n) - 6*r(n). What is the hundreds digit of q(10)?
1
Let x(y) = y**2 + 7*y + 10. Let u(s) = s**3 + 7*s**2 + 2*s + 8. Let p be u(-7). Let n be x(p). Suppose -n*j + 149 = -35. What is the units digit of j?
6
What is the thousands digit of 28353/5 + (-72)/(-300)*(-30)/(-18)?
5
Let h = -31643 - -41070. What is the hundreds digit of h?
4
Suppose -10042186 = 2863*i - 3017*i. What is the tens digit of i?
0
Let b(r) = 46*r**2 + 125*r - 1578. What is the hundreds digit of b(13)?
8
Suppose 28966 = 4*p - 84289 - 30245. What is the tens digit of p?
7
Suppose -30*p + 20*p = -50. Suppose -w - 200 = -2*v - 6*w, -p*v = 3*w - 481. What is the tens digit of v?
9
Let g = -4816 + 14491. What is the tens digit of g?
7
What is the units digit of (48/(-14))/(956/(-5019))?
8
Suppose 41 = a - 4*f, 50 = 5*a - 3*f - 189. Let c = a + -43. What is the hundreds digit of 550/15*c/2?
1
Let t be 19/8*266 - (-11)/44. Suppose 7*j - 5*h = 3*j + 1273, 0 = 2*j + 2*h - t. What is the hundreds digit of j?
3
Let c be 0 + 1 - -4*14. Suppose -5*g = -3*a + 172, 3*a - 50 - 106 = -3*g. Suppose c = 3*j - a. What is the tens digit of j?
3
Let n(o) = 2*o**3 - 30*o**2 - 35*o + 48. Let c be n(16). Suppose -z + 5*j = -1374, c = -3*z - 4*j + 8*j + 4155. What is the hundreds digit of z?
3
Let c(h) = -2*h**3 - 24*h**2 + 24*h + 355. What is the units digit of c(-13)?
1
Suppose 0 = 6*x - 201 - 69. Let q = 827 + x. Suppose -15*z + q = -43. What is the tens digit of z?
6
Let v(a) = 23*a + 8. Let q be 4/((-12)/(-30) - 32/30). Let u(y) = -y**2 - 5*y + 10. Let k be u(q). What is the hundreds digit of v(k)?
1
Suppose 3*h + 98 + 97 = 0. Let t = -65 - h. Suppose w + j + 44 - 225 = t, -2*j = w - 178. What is the hundreds digit of w?
1
Let o(c) = 3*c**3 - 3*c**2 - 7*c + 7. Suppose -30 + 27 = -f. Let h be o(f). What is the tens digit of (h/(-44))/5 + 1724/44?
3
Suppose 12*g + 3755 = 22727. Let m = -1122 + g. What is the tens digit of m?
5
Let r(q) = 148*q + 6. Let a be r(9). Let u = a - 502. What is the hundreds digit of u?
8
Let k(l) be the second derivative of 5*l**3/3 + 58*l**2 - 19*l. What is the tens digit of k(11)?
2
Suppose -9*x = -6102 - 45. Let b = 1234 - x. What is the units digit of b?
1
Let q = -4376 + 10775. What is the tens digit of q?
9
Let j be -7 + (-155)/(-20) - 697/(-4). Let n = 331 - j. What is the units digit of n?
6
What is the hundreds digit of 45/570*19*21354?
0
Suppose -y + 2*l = 5*y - 186216, -2*l + 124124 = 4*y. What is the thousands digit of y?
1
Suppose 5120259 - 1047329 = 335*p. What is the tens digit of p?
5
Suppose 3*m - 1 = -5*c, -3*m - 9 = -6*m + 3*c. Let r(t) = -3*t**m + 0*t**2 - 5 + t**2 + 3*t**2 + 8*t. What is the tens digit of r(-14)?
7
Let f = 190 - 328. What is the units digit of (10 + 2)*(-46)/f?
4
Let r = 41973 - 28026. What is the units digit of r?
7
Suppose 2 = n - 2*u, 0 = n + 3*u - 13 + 11. Suppose -2*d = n*s - 7*s - 921, 2*s = -2. What is the tens digit of d?
5
Let c(s) be the first derivative of -13*s - 7/2*s**2 + 2/3*s**3 - 4. What is the units digit of c(9)?
6
Let i(t) = -6*t**2 - 14*t + 17. Let z be i(-8). Let s = 429 + z. Let x = s + -77. What is the tens digit of x?
9
What is the units digit of 6/(-69) - (-441495)/115?
9
Suppose 5*p - 5*y - 105 = 0, 0 = -6*p + 2*p + 2*y + 78. Suppose 5*b = p*b - 5187. Let q = -257 + b. What is the hundreds digit of q?
1
Let r be (1 - (-10)/(-6))*3. Let d = 3067 - 3139. What is the tens digit of (d - (-12)/(-3))*r?
5
Let o(s) = -2*s - 1. Let i be o(-2). Suppose m - f = 4, -f - i - 1 = 0. Suppose m*b - 5*t = 3*b - 56, -4*t + 14 = b. What is the units digit of b?
2
Suppose -13 = -2*m + 5*s, 6*s - s = -4*m - 49. Let f be 1*(-5 - (m + 1)). Suppose -3*q + 136 - 109 = f. What is the units digit of q?
9
Let c(a) = -85*a - 2241. What is the units digit of c(-115)?
4
Let b = 224 - 47. Suppose -2*m = -2*a - 324, b = m - 0*a + 2*a. Let n = m - 99. What is the units digit of n?
8
Let a(u) = -367*u**3 + u**2 - 603*u - 3637. What is the tens digit of a(-6)?
8
Let h(o) = -o**3 - 7*o**2 + 9*o + 4. Let p be h(-8). Let b(k) be the first derivative of -k**3/3 - 7*k**2/2 - k + 11. What is the tens digit of b(p)?
1
Suppose 0 = -2399*q + 2417*q - 64584. What is the thousands digit of q?
3
Suppose 13251 = -25*w + 728851. What is the thousands digit of w?
8
Let q(k) = 41*k**3 - 2*k. Let f be q(1). Suppose 2*d = -5 - f. Let x = 52 - d. What is the tens digit of x?
7
Let b(z) = 4543*z - 4631. What is the units digit of b(10)?
9
Let y be 1 + ((-6)/(-9) - (-4)/12). Suppose 7*r - y*r = -5*g - 25, -20 = 4*g. Suppose r = 15*w - 16*w + 153. What is the units digit of w?
3
Let s be ((-1)/2)/((-46)/2576). Let u(j) = j**2 + 26*j + 161. What is the thousands digit of u(s)?
1
Let w(a) = 148*a**2 - 92*a + 725. What is the units digit of w(8)?
1
Let v be 16/(-6)*(-4 + -2) - 1. Let h(o) = 29*o - 12. Let a be h(v). Suppose 0 = -2*t - t + a. What is the units digit of t?
1
Suppose -2*q + 10034 = -17*z + 19*z, 5010 = z + 2*q. What is the tens digit of z?
2
